{"id":27,"date":"2020-06-12T14:25:05","date_gmt":"2020-06-12T14:25:05","guid":{"rendered":"http:\/\/xn--hegering-sdbrookmerland-lpc.de\/?page_id=27"},"modified":"2023-10-14T15:54:48","modified_gmt":"2023-10-14T15:54:48","slug":"veranstaltungen-termine","status":"publish","type":"page","link":"https:\/\/hegering-s\u00fcdbrookmerland.de\/?page_id=27","title":{"rendered":"Veranstaltungen"},"content":{"rendered":"\n<h5 class=\"wp-block-heading\">Revier\u00fcbergreifende Taubenjagd am 3. November 2023<\/h5>\n\n\n\n<figure class=\"wp-block-image size-large is-resized\"><a href=\"https:\/\/xn--hegering-sdbrookmerland-lpc.de\/wp-content\/uploads\/2023\/10\/revieruebergreifende_taubenjagd-schnitt.jpg\"><img loading=\"lazy\" decoding=\"async\" width=\"1024\" height=\"488\" src=\"https:\/\/xn--hegering-sdbrookmerland-lpc.de\/wp-content\/uploads\/2023\/10\/revieruebergreifende_taubenjagd-schnitt-1024x488.jpg\" alt=\"\" class=\"wp-image-2474\" style=\"width:804px;height:auto\" srcset=\"https:\/\/xn--hegering-sdbrookmerland-lpc.de\/wp-content\/uploads\/2023\/10\/revieruebergreifende_taubenjagd-schnitt-1024x488.jpg 1024w, https:\/\/xn--hegering-sdbrookmerland-lpc.de\/wp-content\/uploads\/2023\/10\/revieruebergreifende_taubenjagd-schnitt-300x143.jpg 300w, https:\/\/xn--hegering-sdbrookmerland-lpc.de\/wp-content\/uploads\/2023\/10\/revieruebergreifende_taubenjagd-schnitt-768x366.jpg 768w, https:\/\/xn--hegering-sdbrookmerland-lpc.de\/wp-content\/uploads\/2023\/10\/revieruebergreifende_taubenjagd-schnitt-1536x732.jpg 1536w, https:\/\/xn--hegering-sdbrookmerland-lpc.de\/wp-content\/uploads\/2023\/10\/revieruebergreifende_taubenjagd-schnitt.jpg 1721w\" sizes=\"auto, (max-width: 1024px) 100vw, 1024px\" \/><\/a><\/figure>\n\n\n\n<p>Die diesj\u00e4hrige revier\u00fcbergreifende Taubenjagd findet am 3. November statt. Dieser Jagdtag gibt Jungj\u00e4gern oder Neuzug\u00e4nge in den jeweiligen Revieren wieder die M\u00f6glichkeit, Kontakte zu kn\u00fcpfen und einmal \u201emit raus gehen\u201c zu k\u00f6nnen. Wer Lust an der Teilnahme hat, soll sich bitte direkt bei den Revierinhabern ihres Wohnorts melden, denn die Koordination der Jagdgruppen erfolgt dort.<\/p>\n\n\n\n<p>Um 18.30 Uhr treffen wir uns wieder am Gasthof Thun in Moorhusen an der Jagdh\u00fctte im Garten. Dort wird die Strecke gelegt und \u201everblasen\u201c. Im Anschluss essen wir gemeinsam. Dabei besteht die M\u00f6glichkeit, sich n\u00e4her kennen zu lernen und oder Erfahrungen auszutauschen.<\/p>\n\n\n\n<p>Um der Familie Thun die Bereitstellung der Essen-Portionen zu erleichtern und im Sinne der Nachhaltigkeit, werden wir in diesem Jahr eine Anmeldeliste zur Teilnahme am Abendessen erstellen.<\/p>\n\n\n\n<p><strong>\u2192<\/strong> Wir bitten Euch daher um <strong>verbindliche Anmeldung<\/strong> zur Teilnahme am Abendessen<strong> bis sp\u00e4testens 29. Oktober<\/strong> bei Lars L\u00fcbbers (Telefon 0176 303 363 32 oder unter der Mailadresse <a href=\"mailto:lars88luebbers@gmail.com\">lars88luebbers@gmail.com<\/a>).<\/p>\n\n\n\n<p>Der Hegering S\u00fcdbrookmerland freut sich auf den Jagdtag und hofft auf rege Teilnahme.<\/p>\n\n\n\n<p>Guten Anblick und Waidmannsheil<br><em>Alwin Bennmann<\/em><\/p>\n\n\n\n<div style=\"height:30px\" aria-hidden=\"true\" class=\"wp-block-spacer\"><\/div>\n\n\n\n<h5 class=\"wp-block-heading\">Rolf-Djuren-Pokalschie\u00dfen 2023<\/h5>\n\n\n\n<p>Am 8. Sept. l\u00e4dt der Hegering S\u00fcdbrookmerland zum diesj\u00e4hrigen Rolf Djuren-Pokalschie\u00dfen ein. Folgend des Erblassers Rolf Djuren f\u00fcr den Hegering S\u00fcdbrookmerland wird das \u00dcbungsschie\u00dfen auch als Vorbereitung auf die bevorstehende Jagdsaison durchgef\u00fchrt.&nbsp; Der sichere Umgang mit der Waffe gilt es zu praktizieren. Au\u00dferdem kann die Teilnahme zur Ausstellung bzw. Erneuerung des im letzten Jahr eingef\u00fchrten Schie\u00df\u00fcbungsnachweises genutzt werden.<\/p>\n\n\n\n<p>Willkommen sind alle J\u00e4gerinnen und J\u00e4ger, die im Besitz eines g\u00fcltigen Jagdscheins sind. Besonders die Jungj\u00e4gerinnen\/-j\u00e4ger sind mit dieser Mitteilung herzlich eingeladen.<\/p>\n\n\n\n<p>Treffen ist am Freitag, den 8. September 2023, um 15.30 Uhr, in Emden am Schie\u00dfstand an der Knock. Geschossen wird 1 Runde Skeet und 1 Runde Trapp. Munitionserwerb am Schie\u00dfstand ist nicht m\u00f6glich.&nbsp;<\/p>\n\n\n\n<p>Im Anschluss wird im Sch\u00fctzenhaus \u201eDreiwolden\u201c in Forlitz-Blaukirchen zur Preisverleihung und zum gemeinsamen Grillen eingeladen.<\/p>\n\n\n\n<p>Bei Fragen zu Organisation, Ablauf oder gegebenenfalls Mitfahrgelegenheiten stehen die Schie\u00dfobm\u00e4nner Ude Sunken unter Tel. 04942\/814 oder Johann Stille, Tel. 04942 \/1660, gerne zur Verf\u00fcgung.<\/p>\n\n\n\n<p>Der Hegering freut sich \u00fcber eine rege Teilnahme.<br><em>Alwin Bennmann<\/em><br><\/p>\n\n\n\n<div style=\"height:30px\" aria-hidden=\"true\" class=\"wp-block-spacer\"><\/div>\n\n\n\n<h5 class=\"wp-block-heading\">\u00dcbungsabende der Jagdhornbl\u00e4ser wieder gestartet<\/h5>\n\n\n\n<p>Die Jagdhornbl\u00e4sergruppe S\u00fcdbrookmerland trifft sich wieder zu \u00dcbungsabenden im 14-t\u00e4gigen Turnus, jeweils um 19:30 Uhr. Erster \u00dcbungstermin war am 19. Mai bei Matthias R\u00f6bkes \u2013 Deichhauser Stra\u00dfe. <br>Am 2. Juni trafen sich die \u00dcbungsteilnehmer bei Karl Dieling auf Klein Heikeland.<br>Alternierend ging es dann am 16. Juni bei Matthias R\u00f6bkes wieder weiter.<br>Interessierte, auch Nichtj\u00e4ger sind herzlich zu den \u00dcbungsabenden eingeladen. H\u00f6rner k\u00f6nnen zu \u00dcbungszwecken kostenlos beigestellt werden.<\/p>\n\n\n\n<p>Wer Interesse hat, kann einfach dazu kommen oder sich bei Heike Kratzenberg unter der Telefonnummer 0157 747 20780 erkundigen.<\/p>\n\n\n\n<p>Die Bl\u00e4sergruppe freut sich auf ein St\u00fcck Normalit\u00e4t.<br><em>Alwin Bennmann<\/em><br><\/p>\n\n\n\n<h5 class=\"wp-block-heading\"><br>Rolf-Djuren-Pokalschie\u00dfen im September 2022<\/h5>\n\n\n\n<p>Unser Hegering freut sich, das das Rolf-Djuren-Pokalschie\u00dfen nach zweij\u00e4hriger coronabedingter Abstinenz wieder erfolgen kann. Bitte merkt Euch folgenden Termin vor:<\/p>\n\n\n\n<ul class=\"wp-block-list\" style=\"font-size:15px\">\n<li>23.  September 2022<\/li>\n\n\n\n<li>Treffpunkt Schie\u00dfstand Emden-Knock<\/li>\n\n\n\n<li>Zeit 16:00 Uhr<\/li>\n\n\n\n<li>Geschossen wird TRAP und SKEET<\/li>\n<\/ul>\n\n\n\n<p>Eine M\u00f6glichkeit zum Munitionskauf vor Ort ist nicht gegeben. Teilnehmerinnen und Teilnehmer m\u00fcssen im Besitz eines g\u00fcltigen Jagdscheins sein. Nach dem Schie\u00dfen fahren wir gemeinsam zum Sch\u00fctzenhaus \u201eDreiwolden\u201c in Forlitz Blaukirchen zur Siegerehrung und gemeinsamem Grillen.<\/p>\n\n\n\n<p>Alle S\u00fcdbrookmerlander J\u00e4gerinnen und J\u00e4ger sind herzlich eingeladen.<\/p>\n\n\n\n<figure class=\"wp-block-image size-large is-resized\"><img loading=\"lazy\" decoding=\"async\" width=\"1024\" height=\"576\" src=\"https:\/\/xn--hegering-sdbrookmerland-lpc.de\/wp-content\/uploads\/2022\/05\/Rolf_Djuren_Pokalschiessen-1024x576.jpg\" alt=\"\" class=\"wp-image-1595\" style=\"aspect-ratio:3\/2;object-fit:cover;width:1218px;height:undefinedpx\" srcset=\"https:\/\/xn--hegering-sdbrookmerland-lpc.de\/wp-content\/uploads\/2022\/05\/Rolf_Djuren_Pokalschiessen-1024x576.jpg 1024w, https:\/\/xn--hegering-sdbrookmerland-lpc.de\/wp-content\/uploads\/2022\/05\/Rolf_Djuren_Pokalschiessen-300x169.jpg 300w, https:\/\/xn--hegering-sdbrookmerland-lpc.de\/wp-content\/uploads\/2022\/05\/Rolf_Djuren_Pokalschiessen-768x432.jpg 768w, https:\/\/xn--hegering-sdbrookmerland-lpc.de\/wp-content\/uploads\/2022\/05\/Rolf_Djuren_Pokalschiessen-1536x864.jpg 1536w, https:\/\/xn--hegering-sdbrookmerland-lpc.de\/wp-content\/uploads\/2022\/05\/Rolf_Djuren_Pokalschiessen.jpg 1600w\" sizes=\"auto, (max-width: 1024px) 100vw, 1024px\" \/><figcaption class=\"wp-element-caption\">Das Rolf-Djuren-Pokalschie\u00dfen musste wegen der Corona-Pandemie zwei Jahre ausgesetzt werden. In diesem September geht es aber wieder los.Treffpunkt ist der Schie\u00dfstand Emden-Knock.<\/figcaption><\/figure>\n","protected":false},"excerpt":{"rendered":"<p>Revier\u00fcbergreifende Taubenjagd am 3. November 2023 Die diesj\u00e4hrige revier\u00fcbergreifende Taubenjagd findet am 3. November statt. Dieser Jagdtag gibt Jungj\u00e4gern oder Neuzug\u00e4nge in den jeweiligen Revieren wieder die M\u00f6glichkeit, Kontakte zu kn\u00fcpfen und einmal \u201emit raus gehen\u201c zu k\u00f6nnen. Wer Lust<\/p>\n","protected":false},"author":2,"featured_media":0,"parent":0,"menu_order":0,"comment_status":"closed","ping_status":"closed","template":"","meta":{"footnotes":""},"class_list":["post-27","page","type-page","status-publish","hentry"],"_links":{"self":[{"href":"https:\/\/hegering-s\u00fcdbrookmerland.de\/index.php?rest_route=\/wp\/v2\/pages\/27","targetHints":{"allow":["GET"]}}],"collection":[{"href":"https:\/\/hegering-s\u00fcdbrookmerland.de\/index.php?rest_route=\/wp\/v2\/pages"}],"about":[{"href":"https:\/\/hegering-s\u00fcdbrookmerland.de\/index.php?rest_route=\/wp\/v2\/types\/page"}],"author":[{"embeddable":true,"href":"https:\/\/hegering-s\u00fcdbrookmerland.de\/index.php?rest_route=\/wp\/v2\/users\/2"}],"replies":[{"embeddable":true,"href":"https:\/\/hegering-s\u00fcdbrookmerland.de\/index.php?rest_route=%2Fwp%2Fv2%2Fcomments&post=27"}],"version-history":[{"count":19,"href":"https:\/\/hegering-s\u00fcdbrookmerland.de\/index.php?rest_route=\/wp\/v2\/pages\/27\/revisions"}],"predecessor-version":[{"id":2476,"href":"https:\/\/hegering-s\u00fcdbrookmerland.de\/index.php?rest_route=\/wp\/v2\/pages\/27\/revisions\/2476"}],"wp:attachment":[{"href":"https:\/\/hegering-s\u00fcdbrookmerland.de\/index.php?rest_route=%2Fwp%2Fv2%2Fmedia&parent=27"}],"curies":[{"name":"wp","href":"https:\/\/api.w.org\/{rel}","templated":true}]}}