{"id":23,"date":"2020-06-12T14:25:05","date_gmt":"2020-06-12T14:25:05","guid":{"rendered":"http:\/\/xn--hegering-sdbrookmerland-lpc.de\/?page_id=23"},"modified":"2020-07-29T18:27:22","modified_gmt":"2020-07-29T18:27:22","slug":"der-hegering","status":"publish","type":"page","link":"https:\/\/hegering-s\u00fcdbrookmerland.de\/?page_id=23","title":{"rendered":"Der Hegering"},"content":{"rendered":"\n<p><strong><em>Hegering S\u00fcdbrookmerland \u201eGebiet, Flora und Fauna\u201c<\/em><\/strong><\/p>\n\n\n\n<p>Der Hegering liegt im S\u00fcdbrookmerland, welches zwischen den ostfriesischen St\u00e4dten Aurich, Emden und Norden zu finden ist.<\/p>\n\n\n\n<p>Das Gebiet befindet sich in einer Niederungszone am Westrand des Oldenburgisch-Ostfriesischen Geestr\u00fcckens.<\/p>\n\n\n\n<p>Das Hegeringsgebiet umfasst eine jagdbare Fl\u00e4che ca. 7400 ha, welche im \u00dcbergangsbereich von Marsch, Geest und Moor liegt. Das Landschaftsbild ist \u00fcberwiegend von Landwirtschaftsfl\u00e4chen gepr\u00e4gt. Ca. 7000 ha von 9682 ha der Gemeindefl\u00e4che. Daneben haben Gew\u00e4sser einen erheblichen Anteil an der Fl\u00e4che. Zu nennen sind hier das Gro\u00dfe Meer und das Loppersumer Meer.<\/p>\n\n\n\n<p>Von den einst ausgedehnten Mooren haben sich dagegen nur kleine Restfl\u00e4chen gehalten, ca. 0,2 Prozent des Gemeindegebietes. Der Waldanteil liegt bei ca. 80 ha.<\/p>\n\n\n\n<p>Im Hegeringsgebiet sind umfangreiche Naturschutz- und Landschaftsschutzgebiete zu finden (Gro\u00dfes Meer, Loppersumer Meer, Teile der Groen Breike).<\/p>\n\n\n\n<p>Zum Hegering S\u00fcdbrookmerland geh\u00f6ren 13 Reviere:<\/p>\n\n\n\n<ul class=\"wp-block-list\"><li>Bedekaspeler Marsch<\/li><li>Bedekaspel Ost<\/li><li>Engerhafe<\/li><li>Forlitz Blaukirchen<\/li><li>Gro\u00dfes Meer Nordteil<\/li><li>Moordorf<\/li><li>Moorhusen<\/li><li>M\u00fcnkeboe<\/li><li>Oldeborg, Upende, Fehnhusen<\/li><li>Theene<\/li><li>Uthwerdum, Georgsheil<\/li><li>Victorbur<\/li><li>Wiegboldsbur<\/li><\/ul>\n\n\n\n<p>Viele jagdbare Wildarten sind hier beheimatet. Haupts\u00e4chlich Rehwild, Hasen, Fasane, G\u00e4nse, Enten, Tauben und der Fuchs sind zu sehen. Aber auch das Damwild, Dachse und invasive Arten wie das Nutria machen sich breit. Selbst das Schwarzwild hat Ostfriesland und auch unseren Hegering f\u00fcr sich entdeckt. Der Wildbestand ist relativ konstant.<\/p>\n\n\n\n<p>Dar\u00fcber hinaus bietet das Hegeringsgebiet auch sehr vielen nicht jagdbaren Wildarten Platz.<\/p>\n\n\n\n<p>Unz\u00e4hlige Vogelarten wie zum Beispiel der Storch, der Kranich und auch der Fischadler besuchen die Reviere.<\/p>\n\n\n\n<p>Im Moor kann man mit etwas Gl\u00fcck auch schon mal eine Kreuzotter beobachten.<\/p>\n\n\n\n<p>Die Fauna ist sehr vielf\u00e4ltig und dem gem\u00e4\u00dfigten Klima, welches von der nahen Nordsee gepr\u00e4gt ist, angepasst.<\/p>\n\n\n\n<p><\/p>\n\n\n\n<p><\/p>\n\n\n\n<p><\/p>\n\n\n\n<p>Die Geschichte des Hegerings S\u00fcdbrookmerland folgt in n\u00e4chster Zeit.<\/p>\n\n\n\n<p><\/p>\n","protected":false},"excerpt":{"rendered":"<p>Hegering S\u00fcdbrookmerland \u201eGebiet, Flora und Fauna\u201c Der Hegering liegt im S\u00fcdbrookmerland, welches zwischen den ostfriesischen St\u00e4dten Aurich, Emden und Norden zu finden ist. Das Gebiet befindet sich in einer Niederungszone am Westrand des Oldenburgisch-Ostfriesischen Geestr\u00fcckens. Das Hegeringsgebiet umfasst eine jagdbare<\/p>\n","protected":false},"author":1,"featured_media":0,"parent":0,"menu_order":0,"comment_status":"closed","ping_status":"closed","template":"","meta":{"footnotes":""},"class_list":["post-23","page","type-page","status-publish","hentry"],"_links":{"self":[{"href":"https:\/\/hegering-s\u00fcdbrookmerland.de\/index.php?rest_route=\/wp\/v2\/pages\/23","targetHints":{"allow":["GET"]}}],"collection":[{"href":"https:\/\/hegering-s\u00fcdbrookmerland.de\/index.php?rest_route=\/wp\/v2\/pages"}],"about":[{"href":"https:\/\/hegering-s\u00fcdbrookmerland.de\/index.php?rest_route=\/wp\/v2\/types\/page"}],"author":[{"embeddable":true,"href":"https:\/\/hegering-s\u00fcdbrookmerland.de\/index.php?rest_route=\/wp\/v2\/users\/1"}],"replies":[{"embeddable":true,"href":"https:\/\/hegering-s\u00fcdbrookmerland.de\/index.php?rest_route=%2Fwp%2Fv2%2Fcomments&post=23"}],"version-history":[{"count":0,"href":"https:\/\/hegering-s\u00fcdbrookmerland.de\/index.php?rest_route=\/wp\/v2\/pages\/23\/revisions"}],"wp:attachment":[{"href":"https:\/\/hegering-s\u00fcdbrookmerland.de\/index.php?rest_route=%2Fwp%2Fv2%2Fmedia&parent=23"}],"curies":[{"name":"wp","href":"https:\/\/api.w.org\/{rel}","templated":true}]}}